510?
2, 3, 5, 13
List the prime factors of 70.
2, 5, 7
What are the prime factors of 28826?
2, 7, 29, 71
What are the prime factors of 2385?
3, 5, 53
List the prime factors of 95302.
2, 17, 2803
What are the prime factors of 47472?
2, 3, 23, 43
List the prime factors of 25598.
2, 12799
What are the prime factors of 4055?
5, 811
What are the prime factors of 46856?
2, 5857
What are the prime factors of 13219?
13219
List the prime factors of 9199.
9199
List the prime factors of 20631.
3, 13, 23
What are the prime factors of 4017?
3, 13, 103
What are the prime factors of 1049?
1049
List the prime factors of 921.
3, 307
List the prime factors of 12183.
3, 31, 131
List the prime factors of 1154.
2, 577
List the prime factors of 2093.
7, 13, 23
What are the prime factors of 24655?
5, 4931
List the prime factors of 2277.
3, 11, 23
What are the prime factors of 15309?
3, 7
What are the prime factors of 2587?
13, 199
List the prime factors of 1182.
2, 3, 197
What are the prime factors of 8007?
3, 17, 157
List the prime factors of 4444.
2, 11, 101
List the prime factors of 778.
2, 389
List the prime factors of 5815.
5, 1163
What are the prime factors of 2676?
2, 3, 223
List the prime factors of 3364.
2, 29
List the prime factors of 15793.
17, 929
What are the prime factors of 201536?
2, 47, 67
What are the prime factors of 35246?
2, 17623
List the prime factors of 2076.
2, 3, 173
List the prime factors of 1614.
2, 3, 269
What are the prime factors of 145518?
2, 3, 79, 307
What are the prime factors of 1167?
3, 389
What are the prime factors of 19694?
2, 43, 229
List the prime factors of 583.
11, 53
List the prime factors of 9332.
2, 2333
List the prime factors of 2488.
2, 311
List the prime factors of 28660.
2, 5, 1433
What are the prime factors of 2720?
2, 5, 17
List the prime factors of 38078.
2, 79, 241
What are the prime factors of 1074?
2, 3, 179
List the prime factors of 2184.
2, 3, 7, 13
What are the prime factors of 1238?
2, 619
List the prime factors of 206.
2, 103
List the prime factors of 3014.
2, 11, 137
List the prime factors of 25.
5
List the prime factors of 61032.
2, 3, 2543
List the prime factors of 1980.
2, 3, 5, 11
What are the prime factors of 5893?
71, 83
What are the prime factors of 1238?
2, 619
What are the prime factors of 5808?
2, 3, 11
What are the prime factors of 30544?
2, 23, 83
List the prime factors of 47558.
2, 7, 43, 79
What are the prime factors of 44623?
44623
What are the prime factors of 34003?
37, 919
What are the prime factors of 2501?
41, 61
List the prime factors of 5369.
7, 13, 59
List the prime factors of 30249.
3, 3361
What are the prime factors of 5010?
2, 3, 5, 167
What are the prime factors of 25810?
2, 5, 29, 89
What are the prime factors of 776?
2, 97
List the prime factors of 13996.
2, 3499
List the prime factors of 20429.
31, 659
List the prime factors of 3430.
2, 5, 7
What are the prime factors of 1424?
2, 89
List the prime factors of 36926.
2, 37, 499
What are the prime factors of 19900?
2, 5, 199
What are the prime factors of 4205?
5, 29
What are the prime factors of 7407?
3, 823
List the prime factors of 3510.
2, 3, 5, 13
List the prime factors of 1054.
2, 17, 31
List the prime factors of 1042.
2, 521
List the prime factors of 434.
2, 7, 31
List the prime factors of 460.
2, 5, 23
What are the prime factors of 1134?
2, 3, 7
List the prime factors of 22091.
22091
List the prime factors of 12201.
3, 7, 83
What are the prime factors of 1205?
5, 241
What are the prime factors of 10510?
2, 5, 1051
List the prime factors of 33520.
2, 5, 419
What are the prime factors of 18074?
2, 7, 1291
What are the prime factors of 443?
443
What are the prime factors of 685?
5, 137
List the prime factors of 11386.
2, 5693
What are the prime factors of 38605?
5, 7, 1103
List the prime factors of 6787.
11, 617
What are the prime factors of 12526?
2, 6263
What are the prime factors of 1940?
2, 5, 97
List the prime factors of 1686.
2, 3, 281
List the prime factors of 96291.
3, 13, 823
What are the prime factors of 2613?
3, 13, 67
List the prime factors of 4316.
2, 13, 83
List the prime factors of 84581.
7, 43, 281
List the prime factors of 326.
2, 163
List the prime factors of 6924.
2, 3, 577
What are the prime factors of 2584?
2, 17, 19
List the prime factors of 19009.
19009
What are the prime factors of 3177?
3, 353
List the prime factors of 8084.
2, 43, 47
What are the prime factors of 2249?
13, 173
What are the prime factors of 19718?
2, 9859
What are the prime factors of 116739?
3, 7, 17, 109
List the prime factors of 12154.
2, 59, 103
What are the prime factors of 3958?
2, 1979
What are the prime factors of 4288?
2, 67
What are the prime factors of 49815?
3, 5, 41
What are the prime factors of 31816?
2, 41, 97
List the prime factors of 448.
2, 7
What are the prime factors of 35847?
3, 7, 569
List the prime factors of 12230.
2, 5, 1223
List the prime factors of 544.
2, 17
List the prime factors of 30762.
2, 3, 1709
List the prime factors of 1748.
2, 19, 23
List the prime factors of 26046.
2, 3, 1447
List the prime factors of 431.
431
What are the prime factors of 43515?
3, 5, 967
What are the prime factors of 5613?
3, 1871
List the prime factors of 5460.
2, 3, 5, 7, 13
What are the prime factors of 431?
431
List the prime factors of 651.
3, 7, 31
What are the prime factors of 3559?
3559
What are the prime factors of 7411?
7411
List the prime factors of 7000.
2, 5, 7
What are the prime factors of 1216?
2, 19
What are the prime factors of 2782?
2, 13, 107
List the prime factors of 5197.
5197
List the prime factors of 2214.
2, 3, 41
List the prime factors of 12055.
5, 2411
What are the prime factors of 1716?
2, 3, 11, 13
What are the prime factors of 17960?
2, 5, 449
What are the prime factors of 3877?
3877
What are the prime factors of 4856?
2, 607
What are the prime factors of 963?
3, 107
List the prime factors of 8378.
2, 59, 71
List the prime factors of 28337.
43, 659
What are the prime factors of 763?
7, 109
What are the prime factors of 157?
157
What are the prime factors of 6429?
3, 2143
What are the prime factors of 2484?
2, 3, 23
List the prime factors of 21690.
2, 3, 5, 241
List the prime factors of 5815.
5, 1163
List the prime factors of 317.
317
What are the prime factors of 9138?
2, 3, 1523
What are the prime factors of 77?
7, 11
List the prime factors of 21146.
2, 97, 109
What are the prime factors of 1313?
13, 101
List the prime factors of 201637.
17, 29, 409
List the prime factors of 17484.
2, 3, 31, 47
List the prime factors of 3324.
2, 3, 277
What are the prime factors of 27444?
2, 3, 2287
What are the prime factors of 267?
3, 89
List the prime factors of 184502.
2, 92251
What are the prime factors of 1234?
2, 617
What are the prime factors of 1769?
29, 61
List the prime factors of 144.
2, 3
What are the prime factors of 5015?
5, 17, 59
List the prime factors of 13330.
2, 5, 31, 43
What are the prime factors of 7714?
2, 7, 19, 29
What are the prime factors of 947?
947
List the prime factors of 7739.
71, 109
List the prime factors of 401.
401
What are the prime factors of 7507?
7507
List the prime factors of 2186.
2, 1093
List the prime factors of 972.
2, 3
What are the prime factors of 9028?
2, 37, 61
What are the prime factors of 127140?
2, 3, 5, 13, 163
List the prime factors of 89811.
3, 17, 587
List the prime factors of 2978.
2, 1489
What are the prime factors of 6262?
2, 31, 101
What are the prime factors of 186?
2, 3, 31
List the prime factors of 65034.
2, 3, 3613
What are the prime factors of 521?
521
What are the prime factors of 24816?
2, 3, 11, 47
What are the prime factors of 45778?
2, 47, 487
List the prime factors of 68198.
2, 13, 43, 61
What are the prime factors of 1112?
2, 139
List the prime factors of 7120.
2, 5, 89
What are the prime factors of 3246?
2, 3, 541
What are the prime factors of 2725?
5, 109
List the prime factors of 10063.
29, 347
What are the prime factors of 149?
149
What are the prime factors of 1334?
2, 23, 29
List the prime factors of 1617.
3, 7, 11
List the prime factors of 379.
379
List the prime factors of 2258.
2, 1129
What are the prime factors of 1119?
3, 373
List the prime factors of 992.
2, 31
What are the prime factors of 1891?
31, 61
List the prime factor